est common factor of b and 28?
28
Let s(g) = g**3 - 1. Let l be s(-1). Let c(b) = -b. Let x be c(6). Let j = l - x. Calculate the greatest common divisor of j and 32.
4
Let a = 66 + -15. Let r(u) = -3*u + 2*u - 4 + 9 - 2*u. Let d be r(-4). Calculate the greatest common divisor of d and a.
17
Let u(b) = b**3 - 9*b**2 + 9*b - 13. Let s be u(9). Calculate the greatest common factor of s and 17.
17
Let j = 5 + -2. Suppose j*w - 6*w - 6 = 0. Let h be 2/(w/9)*-1. What is the highest common divisor of h and 9?
9
Let t be (-1)/(-3) + 40/6. Let r be 2/12 + (-836)/(-24). Calculate the greatest common factor of r and t.
7
Let h be 94/6 + 8/(-12). What is the greatest common factor of h and 135?
15
Suppose -5*h - 102 = -2*h. Let t be 10/(-5)*h/4. Suppose 2*l - t = 7. What is the highest common factor of l and 12?
12
Suppose -16 = -o - 3*o. Suppose -o*a - 29 = -3*p - 5*a, -a = -p + 11. What is the highest common divisor of 25 and p?
5
Suppose -191 = 3*s + 1. Let n be (-2)/6 + s/(-12). Let c be (-4 - -2) + n/1. What is the highest common divisor of c and 9?
3
Suppose 78 = -8*o + 438. What is the greatest common factor of o and 15?
15
Suppose q - 416 = -54. Suppose -5*c = -198 - q. Calculate the greatest common divisor of 16 and c.
16
Let g(y) = -2*y**2 + 5*y - 3. Let q be g(3). Let t(u) = -u**2 - 8*u - 7. Let p be t(q). What is the greatest common factor of 35 and p?
5
Suppose -2*l - 60 = -8*l. Calculate the highest common divisor of l and 80.
10
Suppose -4*p - 24 = -n, 2*n = -0*n - 3*p - 7. Suppose z = -5*u + 2*z + 64, 5*z + 8 = -u. What is the highest common factor of u and n?
4
Let p(o) = 256*o. Let n be p(1). Calculate the highest common divisor of n and 32.
32
Let m(j) = 5*j**2 - j. Let k be m(1). What is the greatest common divisor of 44 and k?
4
Let o be 45/(-6)*((-38)/6 - -5). Let v = 9 - -21. Suppose -5*d = -2*d - v. What is the highest common divisor of d and o?
10
Let h(y) = y**2 + 11*y + 19. Let v be h(-10). What is the greatest common factor of v and 27?
9
Let i(b) = b**2 - 11*b. Let f be i(18). Calculate the highest common divisor of 14 and f.
14
Let c(s) = s**2 - 20*s + 10. Let r be c(22). What is the greatest common factor of r and 36?
18
Let g be (1 + -2)/((-3)/21). Let l be (-60)/18*(1 - g). What is the greatest common divisor of 5 and l?
5
Let a(y) = -y**3 + 11*y**2 + y - 3. Let v be a(11). Calculate the greatest common divisor of 56 and v.
8
Suppose -5*s + 25 = -2*d, -s = s - 5*d - 31. Suppose s*v - 16 = -4*q, -5*q + 11 + 19 = 5*v. What is the greatest common divisor of v and 88?
8
Let h = -28 + 52. Let c be -3 - ((-813)/3 + 4). What is the highest common divisor of c and h?
24
Suppose -3*w - 2*c = 2 + 2, -2*c - 6 = 2*w. Let i be 1 + w/2 - -9. Calculate the highest common divisor of 88 and i.
11
Suppose -u = 5*i - 326, -4*u + 0*i = 3*i - 1355. Calculate the greatest common factor of 31 and u.
31
Suppose -l + 6*l = -170. Let y = 70 + l. Calculate the highest common factor of 90 and y.
18
Let n = 27 + -17. Suppose 0*f - 4*f = 0. Let h(q) = q**2 + q + 30. Let v be h(f). What is the highest common factor of n and v?
10
Let i be -9 - (-2)/(-4)*6. Let m be ((-15)/i)/(3/132). Calculate the greatest common factor of m and 22.
11
Let d(l) = -3*l**3 + 9*l**2 + 7*l - 16. Let r be d(-5). What is the highest common factor of 61 and r?
61
Let s(g) = 8*g**2 + g + 2. Let f be s(-1). What is the highest common divisor of f and 27?
9
Let p(g) = g**3 - 6*g**2 - 5*g - 1. Let v be p(7). Let y = 365 - 261. Calculate the highest common factor of v and y.
13
Let h(p) = -3*p - 3. Let b be h(-6). Let d = -7 + 13. Let y(a) = -a**2 + 7*a - 3. Let c be y(d). What is the greatest common divisor of c and b?
3
Let z(a) = 4*a**3 + 5*a**2 - 4*a + 9. Let k be z(5). Suppose 36 = 5*c - k. What is the greatest common divisor of 26 and c?
26
Suppose -2*t = -3*t + 8. Let h(k) = -1. Let s(l) = 4*l + 13. Let a(g) = 18*h(g) + 2*s(g). Let x be a(6). What is the highest common divisor of x and t?
8
Let g(u) = -u**2 + 2*u + 3. Let m be g(3). Let y be 2/(-6)*m - -7. Let o be ((-8)/3)/(2/(-21)). Calculate the greatest common factor of y and o.
7
Suppose -5*l + 9 = -2*l. Suppose -i - 107 = -4*v, 2*v + i - 50 = 5*i. Calculate the greatest common divisor of v and l.
3
Let v be 16/3 + 2/3. Let g be (-4)/v*-9*1. Calculate the greatest common factor of g and 9.
3
Let z = 7 - 5. Let y be (-12)/(2/4 - 2). Suppose y*v - 15 = 5*v. What is the greatest common divisor of v and z?
1
Let a = 90 + -83. What is the highest common divisor of 28 and a?
7
Let u = -86 - -146. Let m be (6 - (1 + -1))*(6 - 5). Calculate the highest common factor of m and u.
6
Suppose 540 = 12*i + 180. What is the greatest common factor of i and 75?
15
Let d = 2 - 0. Suppose d*r = -5*q + 12, 2 = -2*q + q + 4*r. Suppose q*y = 38 + 34. Calculate the highest common divisor of 4 and y.
4
Suppose -21 + 1 = 2*y. Let m be (-144)/y + 3/5. What is the greatest common divisor of m and 5?
5
Let l be 2/(2 - 1) - 1. Let c be ((-3)/(-4))/(108/720). What is the highest common divisor of l and c?
1
Let g be -4 + 5*(1 - -2). What is the highest common factor of g and 1?
1
Let d = 85 - 80. What is the highest common divisor of d and 55?
5
Suppose -4*g + y + 7 + 10 = 0, 3*g - 14 = y. Let o(k) = 3*k**3 - 5*k**2 + 4*k. Let m be o(g). What is the greatest common divisor of m and 6?
6
Let a = -8 - -5. Let g = 0 - a. Let t = -32 - -59. Calculate the greatest common factor of g and t.
3
Suppose -16*q = -12*q - 112. Calculate the highest common divisor of 4 and q.
4
Let o = 268 + -156. Calculate the greatest common divisor of o and 28.
28
Suppose -2*r - 2 = -8. Suppose -65 = r*t - 254. Calculate the highest common factor of t and 9.
9
Let l(v) = 20*v - 11. Let y be l(5). Suppose 5*h + y = 2*q - 106, -2*h = 4*q - 426. What is the greatest common factor of 21 and q?
21
Let b be ((-12)/2)/((-3)/27). Let t be ((-3)/(-2))/(1/b). What is the highest common factor of t and 9?
9
Suppose 0 = 6*d - 30 - 30. Calculate the greatest common factor of d and 70.
10
Let d(y) = y**3 + y**2. Let v(t) = t**3 - 7*t**2 + 9*t - 6. Let a(i) = -2*d(i) + v(i). Let s be a(-10). Calculate the highest common divisor of 36 and s.
4
Suppose -2*c + 0*c + 26 = 0. Let j = 317 - 226. What is the highest common factor of c and j?
13
Let y be 0/(-6 + 2) + 10. What is the greatest common divisor of 40 and y?
10
Suppose 5*i - i - 432 = 0. Let c be (392/32)/(1/(-4)). Let j be c/(-4) + 3/(-12). What is the greatest common factor of i and j?
12
Suppose -4*p = -2*s - 2*s - 16, -s = 4*p - 16. Suppose 4*h = 3*k - 7*k + 84, -5*k + 102 = 2*h. What is the greatest common divisor of p and k?
4
Let q = -6 - -8. Let c(f) = -6*f - 8. Let z be c(-5). What is the highest common divisor of z and q?
2
Let l be (20/4 - 3)/(4/16). What is the highest common factor of l and 88?
8
Let u = 44 + 4. Calculate the highest common factor of 528 and u.
48
Suppose m + 1 = -5*o, -2*o - 9 = -4*m + 9. Let h(q) = -19*q - 1. Let p be h(o). Suppose -5*z - 144 = -6*z. What is the greatest common divisor of p and z?
18
Suppose -3*b + 3 = -3*u, -5*b + 3 = 4*u - 2. Suppose 0*j - 3*j + 36 = u. Calculate the highest common factor of j and 18.
6
Let s be 36 - (-5 + 4 + 2). Suppose -h + 3*v = -7, -2*h + 3*v = -0*h - 14. Calculate the greatest common factor of h and s.
7
Suppose v = 4*v - 5*r + 2, -2 = -v + r. What is the greatest common factor of 24 and v?
6
Suppose 0 = -3*l + 4*l. Suppose 0*v - 4 = -2*z + 2*v, l = -z - v + 2. Suppose 4*r - 286 = z*r. Calculate the highest common factor of r and 13.
13
Suppose -2*z + 5*z = 0. Suppose -2*c + 5*p + 140 + 33 = z, -5*c + 4*p + 424 = 0. Let o = c + -54. Calculate the greatest common divisor of o and 10.
10
Suppose -4*j = -5*s + 19, -6*j = -3*s - j + 14. Suppose 0 = -d + 6*d - 15. Suppose 0*x - d*x = -9. What is the greatest common divisor of x and s?
3
Suppose -3*x = 2*n + 309 - 847, 5*x - n = 875. Let p = x + -122. Suppose -4*a = -126 - p. What is the greatest common factor of 5 and a?
5
Suppose 30 = 5*g + 5. Suppose y - 3 = g. What is the highest common divisor of 1 and y?
1
Let s be ((-9)/(-6))/(2/8). Suppose 5*t - 11 = 9. Suppose -129 = -4*y - 3*l - 30, -t*y - 5*l = -101. Calculate the greatest common divisor of y and s.
6
Let d be 26/7 + (-2)/(-7). Suppose 0*z + d*a - 1 = -z